945?
945
What is the greatest common factor of 100982735 and 6365?
335
Calculate the greatest common factor of 16182 and 16.
2
Calculate the greatest common divisor of 36 and 141233724.
36
What is the greatest common factor of 32 and 5397408?
32
Calculate the greatest common factor of 1471616 and 11776.
128
What is the highest common divisor of 327816 and 2916?
36
Calculate the greatest common factor of 37978 and 33779.
17
Calculate the greatest common divisor of 6524 and 88844764.
932
What is the greatest common divisor of 2348 and 2698439?
587
Calculate the highest common factor of 1977 and 37398909.
1977
What is the greatest common divisor of 441722384 and 4?
4
What is the greatest common factor of 28098018 and 2?
2
Calculate the greatest common factor of 8863808 and 64.
64
Calculate the greatest common factor of 2346122 and 6878.
362
What is the greatest common factor of 124660 and 91540?
460
Calculate the greatest common divisor of 81932220 and 379.
379
What is the highest common divisor of 118 and 161602475?
59
What is the highest common factor of 1185770 and 1638290?
4190
What is the highest common factor of 495001 and 345709?
377
Calculate the greatest common divisor of 2988639 and 8757.
1251
What is the greatest common factor of 1523685 and 1230?
15
Calculate the highest common factor of 5047620 and 1140.
60
Calculate the greatest common divisor of 1565 and 496975.
5
Calculate the highest common factor of 33173880 and 888.
24
Calculate the greatest common divisor of 3279 and 847510014.
3279
What is the greatest common divisor of 14632 and 1372?
4
Calculate the greatest common divisor of 3037636 and 56.
28
What is the highest common divisor of 2 and 204349?
1
Calculate the greatest common factor of 604134585 and 135.
135
What is the highest common divisor of 2258 and 89053262?
2258
Calculate the highest common factor of 166199 and 247940.
11
What is the highest common factor of 40 and 46564290?
10
What is the highest common factor of 894302 and 2006?
34
What is the highest common divisor of 20264 and 65691120?
1192
Calculate the greatest common divisor of 129519 and 1144.
13
What is the highest common divisor of 8278101 and 234?
117
Calculate the greatest common factor of 9581 and 6365.
67
Calculate the highest common divisor of 49628 and 103132.
76
Calculate the highest common divisor of 28 and 2328452.
28
What is the highest common divisor of 523775 and 24325?
175
What is the highest common divisor of 4370656 and 803?
73
What is the greatest common factor of 5489136 and 1336?
8
What is the greatest common factor of 5809 and 1132441?
157
Calculate the greatest common factor of 61460367 and 313.
313
Calculate the greatest common divisor of 6526729 and 7773.
2591
What is the highest common divisor of 3248 and 255432?
232
Calculate the greatest common factor of 6927013 and 10502.
59
What is the highest common divisor of 1 and 2678111?
1
What is the greatest common divisor of 581268864 and 192?
192
Calculate the greatest common factor of 27320019 and 639.
213
Calculate the highest common factor of 884070 and 310.
10
Calculate the greatest common divisor of 151364 and 463193.
479
Calculate the greatest common divisor of 1135782685 and 8590.
4295
Calculate the greatest common divisor of 56 and 5497527.
7
What is the highest common divisor of 352546 and 25738?
34
What is the greatest common divisor of 386120 and 26398?
394
What is the greatest common factor of 65907792 and 5276?
5276
What is the greatest common factor of 1852907 and 56196?
1561
Calculate the greatest common divisor of 23880 and 6154473.
597
What is the greatest common divisor of 1975 and 57427075?
1975
Calculate the highest common factor of 12183 and 479415.
93
What is the greatest common factor of 1417 and 11065834?
13
What is the greatest common divisor of 1300 and 14547100?
100
What is the highest common factor of 4684720 and 4340?
620
What is the highest common factor of 4380 and 5859261780?
4380
What is the highest common divisor of 402933 and 9069527?
7069
Calculate the highest common divisor of 208503373 and 13.
13
What is the greatest common factor of 1837728 and 2736?
144
Calculate the highest common factor of 1777560 and 984.
24
What is the highest common factor of 2808 and 74346?
6
What is the highest common divisor of 35262 and 38887456?
1306
What is the highest common divisor of 2574 and 8340852?
78
What is the greatest common factor of 713 and 363607?
23
What is the highest common divisor of 201868 and 34226?
218
What is the highest common factor of 1304717 and 10811?
569
What is the highest common factor of 188 and 41427962?
94
Calculate the highest common factor of 1122 and 1298913.
33
What is the greatest common factor of 59880123 and 6579?
387
Calculate the highest common divisor of 4430720 and 4592.
112
What is the highest common factor of 308 and 201257?
7
Calculate the greatest common factor of 1575 and 60802.
7
What is the highest common factor of 82544 and 605528?
616
Calculate the highest common divisor of 5238831 and 18083.
169
What is the greatest common factor of 264 and 14816472?
264
What is the highest common factor of 15950 and 44894850?
550
What is the highest common factor of 172043 and 246777?
43
Calculate the highest common factor of 704375 and 28420.
245
Calculate the highest common divisor of 2734803 and 44631.
1539
What is the highest common factor of 2901262 and 56?
14
What is the highest common factor of 1250 and 25856750?
250
What is the greatest common factor of 14531 and 25338101?
1321
What is the greatest common factor of 3383759 and 453?
151
Calculate the highest common factor of 4613 and 711744383.
4613
Calculate the highest common divisor of 783696 and 9396.
348
Calculate the highest common divisor of 550 and 315029990.
110
What is the highest common factor of 49463570 and 27761?
1633
Calculate the greatest common factor of 106 and 1259121.
53
What is the greatest common factor of 418139 and 16705?
257
What is the highest common factor of 190 and 10194830?
190
Calculate the greatest common divisor of 1440 and 70738240.
160
What is the greatest common divisor of 19388 and 5548636?
524
What is the greatest common divisor of 16909326 and 156177?
4221
Calculate the highest common divisor of 20919637 and 93.
31
Calculate the highest common divisor of 2 and 391673850.
2
What is the greatest common factor of 1403 and 175509749?
61
Calculate the greatest common factor of 515629 and 378423.
2213
Calculate the highest common factor of 56745810 and 279.
279
Calculate the highest common factor of 232 and 50733064.
232
What is the highest common factor of 37488 and 471369?
213
Calculate the greatest common factor of 70 and 85236312.
14
What is the highest common factor of 5704 and 43234832?
248
What is the greatest common divisor of 500 and 5003348?
4
Calculate the greatest common factor of 9072 and 11885580.
252
Calculate the greatest common divisor of 7556461 and 201.
67
What is the greatest common divisor of 1470 and 251447?
7
What is the highest common factor of 79614704 and 208?
208
Calculate the highest common factor of 8163916 and 1255372.
7996
What is the highest common divisor of 1838452 and 5236?
308
Calculate the greatest common factor of 461555 and 20.
5
What is the highest common divisor of 10659 and 789089?
323
Calculate the greatest common divisor of 429 and 9233081.
143
What is the highest common factor of 147804416 and 12992?
1856
What is the greatest common factor of 9262542 and 42?
6
What is the highest common divisor of 2 and 40756926?
2
Calculate the highest common divisor of 820 and 99277400.
820
Calculate the greatest common divisor of 9939312 and 6624.
3312
What is the greatest common divisor of 7921998 and 162?
18
What is the highest common divisor of 5447940 and 49068?
348
What is the greatest common factor of 40107 and 8985351?
1383
What is the highest common factor of 393231 and 4494982?
3197
What is the greatest common divisor of 139215 and 165?
15
Calculate the highest common factor of 109 and 133203341.
109
Calculate the highest common divisor of 30 and 10828056.
6
Calculate the greatest common factor of 133 and 145842689.
19
What is the greatest common divisor of 3038773 and 481?
37
What is the highest com